 10?
9
Let t be (8/(-2 - -1))/(-1). Suppose 3*c = 7*c - t. Suppose 52 = 4*o + f, 0 = 3*o + c*f + 2*f - 52. Calculate the remainder when 35 is divided by o.
11
What is the remainder when (-4)/(-22) - 4221/(-77) is divided by 29?
26
Let j(b) = -b**3 + 3*b**2 + 2*b - 5. Calculate the remainder when j(3) is divided by 1.
0
Calculate the remainder when (0 + 2)/(22/341) is divided by 17.
14
Let y = 187 - 112. Suppose -5*l = -3*k - y, 70 = 3*l + 2*l - 4*k. Suppose -8*b + 318 = -2*b. Calculate the remainder when b is divided by l.
17
Let p(q) = 24*q - 4. Let h(k) = 2*k + 2. Let z be h(-5). Let d = z + 31. What is the remainder when p(3) is divided by d?
22
Suppose 10 = 5*d + 4*y, d + 0*d = y + 2. What is the remainder when d is divided by 2?
0
Let d(b) = b**2 - 10*b - 16. Suppose 0 = 4*y - 2*a + 14, -5*a - 12 = -a. Let g(k) = -k**3 - 4*k**2 + 2*k. Calculate the remainder when g(y) is divided by d(12).
7
Let v = 114 - 105. Calculate the remainder when 25 is divided by v.
7
Let k(z) = -z + 19. Let d be k(13). Suppose 0 = -3*l - 2*o + 40, 4*l - d*o = -2*o + 20. What is the remainder when 18 is divided by l?
8
Let h = 15 - 13. Suppose j + h*p - 4 = 19, -83 = -5*j - 2*p. What is the remainder when 28 is divided by j?
13
Let o(s) = -s + 3. Let q be 1/(10/(-108))*-5. Suppose 4*w = w + q. What is the remainder when w is divided by o(-7)?
8
Let v be (1 - -1)*(-2 + -2). Let w = -6 - v. Suppose -x + 12 = w*x. What is the remainder when x is divided by 2?
0
Suppose -p + 4*p - 18 = 0. What is the remainder when 15 is divided by p?
3
Suppose -3*r = -42 + 9. What is the remainder when r is divided by 5?
1
Suppose -w = 2*w - 5*q - 31, 0 = w - 5*q - 27. Suppose -2*p - 6 = -8. What is the remainder when w is divided by p?
0
Suppose -2*c + 0*s + 14 = -s, 2*c + 5*s = 38. Calculate the remainder when 41 is divided by c.
5
Let k = 1 + 2. Suppose a = k*a - 6. What is the remainder when (12/8 + 26/4)*1 is divided by a?
2
Suppose 5*d - 42 = 18. Let p = 26 - 14. Suppose 4*a - p = 0, 2*x - 4*a + 0*a = 32. What is the remainder when x is divided by d?
10
What is the remainder when 26 is divided by ((-90)/(-20))/((-2)/(-4))?
8
Let j(o) = 3*o - 2. Let z be j(2). Let h(x) = -10*x**3 + 2 + 9*x**3 + 5*x**2 + 5*x - 4*x + 0. What is the remainder when h(z) is divided by 6?
4
Suppose -5*i + 3*l - l - 10 = 0, -5*l - 4 = 2*i. Let s(z) = -1 + 0*z - 2*z + z. Calculate the remainder when s(i) is divided by 1.
0
Let d = 74 + -38. What is the remainder when d is divided by 13?
10
Suppose 2*l - 2*w = 4*l - 2, 4 = l - 2*w. Suppose 2*h - 28 = -l*h. What is the remainder when ((-2)/(-4))/(1/22) is divided by h?
4
Let q(l) = -l**2 - l + 5. Let t be q(0). Suppose 5*b = -z + 4*z - 76, b - 80 = -t*z. Calculate the remainder when 48 is divided by z.
14
Let a = -46 - -138. Suppose -3*h + 4*h = a. Suppose s = -3*s + h. What is the remainder when s is divided by 8?
7
Suppose -d = 3*d - 200. Suppose d = 3*i - 13. Suppose 0 = -3*h + 4*t + 198, -h + 95 = -t + 30. Calculate the remainder when h is divided by i.
20
Let v be (0 + 0)/(-4 + 2). Let x(b) = 6 - 5*b + 4*b + v*b + 0*b. What is the remainder when 11 is divided by x(0)?
5
Let b = -14 - 23. Let o = 1 + -11. Let j = o - b. Calculate the remainder when j is divided by 14.
13
Let u = -135 - -153. Calculate the remainder when 88 is divided by u.
16
Let y = -42 + 67. Suppose 4*i = 9*i - 10. Let a = 15 - i. What is the remainder when y is divided by a?
12
Suppose 2*w - 6 = 20. Let l(h) = -h**3 + 11*h**2 - 6*h - 15. What is the remainder when l(10) is divided by w?
12
Suppose 14 = 2*p + 2. Let i(x) = x. Calculate the remainder when 22 is divided by i(p).
4
Let o be 3/(12/134)*2. Suppose 5*p + s - 2*s - 166 = 0, o = 2*p - s. What is the remainder when p is divided by 12?
9
Let b be 12/2*3/(-2). Let o = b + 27. Calculate the remainder when 34 is divided by o.
16
Suppose 0 = 5*r - 119 - 61. Calculate the remainder when r is divided by 14.
8
Suppose -100 = -5*b - 0*b. Suppose 114 = -3*o + 5*o - 4*d, -5*o - 2*d = -297. What is the remainder when o is divided by b?
19
Let t be -8*(2 + 0)/2. Let o = t - -11. Suppose -o*g - 4 = -10. Calculate the remainder when 3 is divided by g.
1
Let k = 51 + -123. Let o = k + 102. Calculate the remainder when o is divided by 16.
14
Suppose -2*t - 3*k = -7*k + 36, -3*k + 15 = 0. What is the remainder when 17 is divided by 3/4 + (-34)/t?
2
Let t be (-6)/(-8) - 13/(-4). Suppose 0*u - 148 = -t*u. Suppose -u - 4 = -h. Calculate the remainder when h is divided by 14.
13
Suppose 4*b + 2*i - 12 = 14, -2*b + 2*i = -28. Let p = b - 4. Calculate the remainder when 14 is divided by p.
4
Let h(z) = -z**2 - 9*z - 1. Suppose -5*r = -k + 4, -3*k = -r + 3 + 13. Let v = 10 - 1. What is the remainder when h(k) is divided by v?
8
Suppose 11 - 3 = 4*f. Calculate the remainder when 10 + (0 - 4)/2 is divided by f.
0
Let h(y) = y + 9. What is the remainder when 31 is divided by h(0)?
4
Suppose 0 = 10*s - 7*s - 135. Calculate the remainder when s is divided by 12.
9
Suppose 3*d - 3*i = 312, -3*d - 4*i - 119 = -4*d. Calculate the remainder when d is divided by 25.
24
What is the remainder when (-2 - -1) + 38 + (-1 - 2) is divided by 9?
7
Let t = 44 - 17. Calculate the remainder when 103 is divided by t.
22
Let q(d) = -2*d**3 - 2*d**2 + d + 1. Let o = -6 + 3. Let j = 59 - 41. Calculate the remainder when q(o) is divided by j.
16
Calculate the remainder when 83 is divided by (-72)/27*(-14 - -2).
19
Suppose 0 = 3*l + 2*l - 60. Let d(p) = p**3 - p**2 - 4*p + 2. Calculate the remainder when d(4) is divided by l.
10
Suppose 5*n + 3*f = -18, 0 = n - 4*f + 2*f + 1. Let k(t) = -15 - 2*t**2 - 2*t**3 + 19 + 0*t**3. What is the remainder when k(n) is divided by 21?
19
Let l(j) = -j**3 + 11*j**2 + 13*j - 7. What is the remainder when 17 is divided by l(12)?
2
Suppose 0 = 2*v - v + 5, 0 = 3*f - 5*v - 31. Calculate the remainder when 34 is divided by (-1)/f*2 + 10.
7
Let y(i) = -i**2 - 6*i - 4. Let a be y(-3). Suppose 4*c - 11 = -m + 7, -a*m + 3*c = -90. Calculate the remainder when (1/3)/(3/m) is divided by 1.
0
What is the remainder when 1564/24 + (-2)/12 is divided by 23?
19
Suppose 5*v = 4*d - 3*d + 128, 5*v + d - 132 = 0. What is the remainder when 74 is divided by v?
22
Let c(u) = -u**3 + u**2 + u + 1. Let h be c(-1). Let g = h - -2. What is the remainder when 7 is divided by (-2)/(1*(-2)/g)?
3
Let z(w) = -w**3 + 11*w**2 + w - 4. Calculate the remainder when 39 is divided by z(11).
4
Let c(g) = g**3 - 11*g**2 + 11*g - 1. Calculate the remainder when 17 is divided by c(10).
8
Let b = -306 - -474. Calculate the remainder when b is divided by 13.
12
Suppose 0 = -2*f - 3*f + 75. What is the remainder when 28 is divided by f?
13
Let n be (-3 + -2 + 4)*0. Suppose -2*m + 16 = o, n = -o + 3*m + 33 + 3. Calculate the remainder when 28 is divided by (5/(-4))/((-3)/o).
8
Suppose q + 0*v = 4*v - 9, 18 = -4*q - 2*v. Let s(n) = n**2 - 3*n + 7. What is the remainder when s(6) is divided by (-15)/q - (-9 + 3)?
7
Let w = 45 - 38. What is the remainder when 20 is divided by w?
6
Let f be (-1)/(-1) - 0 - 5. Suppose 0 = -4*l + 11 + 65. Calculate the remainder when l is divided by (f/3)/((-4)/30).
9
Let o = 9 - 49. Let r = 1 - 21. Let t = r - o. Calculate the remainder when t is divided by 11.
9
Suppose -4*a = -26 - 2. Calculate the remainder when 41 is divided by a.
6
Suppose -6 - 3 = -3*a. Let p be (-4)/(-5)*(1 + 4). Let f = 10 - p. What is the remainder when f is divided by a?
0
Suppose 2*g + l = 4*l + 42, 3*g = 4*l + 61. What is the remainder when 25 is divided by g?
10
Suppose -3*d + 1 = 49. Let s = d + 40. Let k = -92 - -162. Calculate the remainder when k is divided by s.
22
Suppose q = 7 - 2. Let r be -1*(1 - -2)*q. What is the remainder when 6/((-36)/r - 2) is divided by 8?
7
Let q(k) = -k**3 + 5*k**2 + 3*k - 2. Let d(g) = -g**2 + g + 5. Let o be -1*(0 + 2 + -2). Let p be d(o). Calculate the remainder when 38 is divided by q(p).
12
Let g(p) = -p**3 + 6*p**2 - 3*p + 5. Calculate the remainder when g(5) is divided by 8.
7
Let z = 0 + 4. Suppose 0 = z*o + 5*x - 36, 5*o + 0*o + 2*x = 28. Calculate the remainder when 11 is divided by o.
3
Suppose -4*c - 35 = -9*c. Suppose -i = -9 - c. Suppose 0 = -a - 0*a + i. What is the remainder when a is divided by 6?
4
Let z(t) = t**3 - 13